{"id":201,"date":"2023-06-30T11:03:26","date_gmt":"2023-06-30T09:03:26","guid":{"rendered":"http:\/\/subway-shop.com\/blogratha\/producto\/camiseta-de-manga-corta-unisex\/"},"modified":"2023-06-30T11:03:52","modified_gmt":"2023-06-30T09:03:52","slug":"camiseta-de-manga-corta-unisex","status":"publish","type":"product","link":"http:\/\/subway-shop.com\/blogratha\/producto\/camiseta-de-manga-corta-unisex\/","title":{"rendered":"Camiseta de manga corta unisex"},"content":{"rendered":"<p>Esta camiseta es todo lo que has so\u00f1ado y m\u00e1s. Es suave y ligera, con la cantidad correcta de elasticidad. Adem\u00e1s, es c\u00f3moda y realza la figura de todo el que la lleva puesta.<\/p>\n<p>\u2022 100% algod\u00f3n peinado e hilado en anillo (los colores Heather contiene poli\u00e9ster)<br \/>\n\u2022 Peso del tejido: 142 g\/m\u00b2 (4,2 oz\/yd\u00b2)<br \/>\n\u2022 Tela preencogida<br \/>\n\u2022 Tapacosturas reforzado en hombros y cuello<br \/>\n\u2022 Costuras laterales<br \/>\n\u2022 Producto base procedente de Guatemala, Nicaragua, M\u00e9xico, Honduras o EEUU<\/p>\n","protected":false},"excerpt":{"rendered":"<p>Esta camiseta es todo lo que has so\u00f1ado y m\u00e1s. Es suave y ligera, con la cantidad correcta de elasticidad&#8230;.<\/p>\n","protected":false},"featured_media":207,"comment_status":"open","ping_status":"closed","template":"","meta":{"spay_email":""},"_links":{"self":[{"href":"http:\/\/subway-shop.com\/blogratha\/wp-json\/wp\/v2\/product\/201"}],"collection":[{"href":"http:\/\/subway-shop.com\/blogratha\/wp-json\/wp\/v2\/product"}],"about":[{"href":"http:\/\/subway-shop.com\/blogratha\/wp-json\/wp\/v2\/types\/product"}],"replies":[{"embeddable":true,"href":"http:\/\/subway-shop.com\/blogratha\/wp-json\/wp\/v2\/comments?post=201"}],"wp:featuredmedia":[{"embeddable":true,"href":"http:\/\/subway-shop.com\/blogratha\/wp-json\/wp\/v2\/media\/207"}],"wp:attachment":[{"href":"http:\/\/subway-shop.com\/blogratha\/wp-json\/wp\/v2\/media?parent=201"}],"curies":[{"name":"wp","href":"https:\/\/api.w.org\/{rel}","templated":true}]}}