{"id":85,"date":"2020-10-23T12:51:58","date_gmt":"2020-10-23T10:51:58","guid":{"rendered":"http:\/\/subway-shop.com\/blogratha\/producto\/camiseta-de-manga-corta-unisex-logo-subway-shop-classic-con-texto-i-am-a-sneaker-collector\/"},"modified":"2020-10-23T12:52:15","modified_gmt":"2020-10-23T10:52:15","slug":"camiseta-de-manga-corta-unisex-logo-subway-shop-classic-con-texto-i-am-a-sneaker-collector","status":"publish","type":"product","link":"http:\/\/subway-shop.com\/blogratha\/producto\/camiseta-de-manga-corta-unisex-logo-subway-shop-classic-con-texto-i-am-a-sneaker-collector\/","title":{"rendered":"Camiseta de manga corta unisex LOGO  Subway Shop cl\u00e1ssic con texto \u00abI AM A SNEAKER COLLECTOR\u00bb"},"content":{"rendered":"<p>Camiseta con el texto &quot;soy un coleccionista de zapatillas&quot; en ingl\u00e9s y con el logo cl\u00e1sico de la 1\u00aa tienda de Subway Shop<br \/>\nPrenda esencial para tu fondo de armario. Est\u00e1 fabricada con algod\u00f3n grueso, pero su tacto sigue siendo muy suave. El pespunte doble en el cuello y las mangas le a\u00f1aden mayor durabilidad por lo que pronto se convertir\u00e1 en una de tus prendas favoritas.  <\/p>\n<p>\u2022 100% algod\u00f3n hilado en anillo<br \/>\n\u2022 El color Sport Grey est\u00e1 compuesto de 90% algod\u00f3n hilado en anillos y 10% poli\u00e9ster<br \/>\n\u2022 Dark heather contiene 65% poli\u00e9ster y 35% algod\u00f3n<br \/>\n\u2022 153 g\/m\u00b2 (4,5 oz\/yd\u00b2)<br \/>\n\u2022 Preencogido<br \/>\n\u2022 Tapacosturas reforzado en hombros y cuello<br \/>\n\u2022 Ha pasado el proceso de girado de un cuarto para eliminar el pliegue central<\/p>\n","protected":false},"excerpt":{"rendered":"<p>Camiseta con el texto &quot;soy un coleccionista de zapatillas&quot; en ingl\u00e9s y con el logo cl\u00e1sico de la 1\u00aa tienda&#8230;<\/p>\n","protected":false},"featured_media":100,"comment_status":"open","ping_status":"closed","template":"","meta":{"spay_email":""},"_links":{"self":[{"href":"http:\/\/subway-shop.com\/blogratha\/wp-json\/wp\/v2\/product\/85"}],"collection":[{"href":"http:\/\/subway-shop.com\/blogratha\/wp-json\/wp\/v2\/product"}],"about":[{"href":"http:\/\/subway-shop.com\/blogratha\/wp-json\/wp\/v2\/types\/product"}],"replies":[{"embeddable":true,"href":"http:\/\/subway-shop.com\/blogratha\/wp-json\/wp\/v2\/comments?post=85"}],"wp:featuredmedia":[{"embeddable":true,"href":"http:\/\/subway-shop.com\/blogratha\/wp-json\/wp\/v2\/media\/100"}],"wp:attachment":[{"href":"http:\/\/subway-shop.com\/blogratha\/wp-json\/wp\/v2\/media?parent=85"}],"curies":[{"name":"wp","href":"https:\/\/api.w.org\/{rel}","templated":true}]}}