{"id":7,"date":"2021-02-03T13:58:52","date_gmt":"2021-02-03T13:58:52","guid":{"rendered":"http:\/\/subway-shop.com\/nuevodisco\/?page_id=7"},"modified":"2021-02-11T15:26:35","modified_gmt":"2021-02-11T15:26:35","slug":"acerca-de","status":"publish","type":"page","link":"https:\/\/subway-shop.com\/nuevodisco\/index.php\/acerca-de\/","title":{"rendered":"Acerca de"},"content":{"rendered":"\n<div class=\"wp-block-image is-style-default\"><figure class=\"aligncenter size-large is-resized\"><img loading=\"lazy\" decoding=\"async\" src=\"http:\/\/subway-shop.com\/nuevodisco\/wp-content\/uploads\/2021\/02\/foto_kiko.jpg\" alt=\"\" class=\"wp-image-112\" width=\"300\" height=\"300\" srcset=\"https:\/\/subway-shop.com\/nuevodisco\/wp-content\/uploads\/2021\/02\/foto_kiko.jpg 600w, https:\/\/subway-shop.com\/nuevodisco\/wp-content\/uploads\/2021\/02\/foto_kiko-300x300.jpg 300w, https:\/\/subway-shop.com\/nuevodisco\/wp-content\/uploads\/2021\/02\/foto_kiko-150x150.jpg 150w, https:\/\/subway-shop.com\/nuevodisco\/wp-content\/uploads\/2021\/02\/foto_kiko-70x70.jpg 70w, https:\/\/subway-shop.com\/nuevodisco\/wp-content\/uploads\/2021\/02\/foto_kiko-80x80.jpg 80w\" sizes=\"(max-width: 300px) 100vw, 300px\" \/><\/figure><\/div>\n\n\n\n<p>Kiko G sin a.k.a es un creador multidisciplinar que se desenvuelve bien realizando trabajos transversales que requieren de diferentes capacidades. Kiko G sin a.k.a compone y produce su m\u00fasica, letras y dise\u00f1os con el objetivo de ofrecer siempre un trabajo alineado en todos los campos que abarque el proyecto.<\/p>\n\n\n\n<p>Cuida el mensaje en sus letras y absorbe de diferentes estilos musicales para nutrir su concepto musical. Kiko G sin a.k.a es un rapero <em>Underground<\/em>  que no duda en colaborar con artistas que se salgan del estilo del RAP para hacer que el g\u00e9nero crezca musicalmente.  <\/p>\n\n\n\n<p>Sabe tratar temas sociales como la inmigraci\u00f3n, el racismo, o la intolerancia. Es capaz de hablar de amor, de desamor, de alegr\u00eda y tristeza y todo ello sin arrugarse y sin abandonar el cl\u00e1sico \u00abvacileo\u00bb innato del Rap.<\/p>\n\n\n\n<p>En definitiva, KIKO G SIN A.K.A es un iconoclasta, entendido c\u00f3mo aquel que se opone o lleva a\u00f1os alej\u00e1ndose de los estereotipos cl\u00e1sicos del HipHop espa\u00f1ol\u00a0en el que predominan las letras principalmente de batalla para transportarnos a un estilo particular,  ecol\u00f3gico, diferente, tranquilo y una elegante  forma de hacer rap cercano  al estilo del colectivo <em>Native Tongues<\/em> Americano dif\u00edcil de encontrar en el Rap espa\u00f1ol y que es poco promocionado o visualizado en los medios nacionales.<\/p>\n","protected":false},"excerpt":{"rendered":"<p>Kiko G sin a.k.a es un creador multidisciplinar que se desenvuelve bien realizando trabajos transversales que requieren de diferentes capacidades. Kiko G sin a.k.a compone y produce su m\u00fasica, letras<\/p>\n<p class=\"more-link\"><a href=\"https:\/\/subway-shop.com\/nuevodisco\/index.php\/acerca-de\/\" class=\"readmore\">Seguir leyendo<span class=\"screen-reader-text\">Acerca de<\/span><\/a><\/p>\n","protected":false},"author":1,"featured_media":0,"parent":0,"menu_order":0,"comment_status":"closed","ping_status":"closed","template":"","meta":{"footnotes":""},"yoast_head":"<!-- This site is optimized with the Yoast SEO plugin v22.3 - https:\/\/yoast.com\/wordpress\/plugins\/seo\/ -->\n<title>Acerca de - KIKO G SIN A.K.A<\/title>\n<meta name=\"robots\" content=\"index, follow, max-snippet:-1, max-image-preview:large, max-video-preview:-1\" \/>\n<link rel=\"canonical\" href=\"https:\/\/subway-shop.com\/nuevodisco\/index.php\/acerca-de\/\" \/>\n<meta property=\"og:locale\" content=\"es_ES\" \/>\n<meta property=\"og:type\" content=\"article\" \/>\n<meta property=\"og:title\" content=\"Acerca de - KIKO G SIN A.K.A\" \/>\n<meta property=\"og:description\" content=\"Kiko G sin a.k.a es un creador multidisciplinar que se desenvuelve bien realizando trabajos transversales que requieren de diferentes capacidades. Kiko G sin a.k.a compone y produce su m\u00fasica, letrasSeguir leyendoAcerca de\" \/>\n<meta property=\"og:url\" content=\"https:\/\/subway-shop.com\/nuevodisco\/index.php\/acerca-de\/\" \/>\n<meta property=\"og:site_name\" content=\"KIKO G SIN A.K.A\" \/>\n<meta property=\"article:modified_time\" content=\"2021-02-11T15:26:35+00:00\" \/>\n<meta property=\"og:image\" content=\"http:\/\/subway-shop.com\/nuevodisco\/wp-content\/uploads\/2021\/02\/foto_kiko.jpg\" \/>\n<meta name=\"twitter:card\" content=\"summary_large_image\" \/>\n<meta name=\"twitter:label1\" content=\"Tiempo de lectura\" \/>\n\t<meta name=\"twitter:data1\" content=\"1 minuto\" \/>\n<script type=\"application\/ld+json\" class=\"yoast-schema-graph\">{\"@context\":\"https:\/\/schema.org\",\"@graph\":[{\"@type\":\"WebPage\",\"@id\":\"https:\/\/subway-shop.com\/nuevodisco\/index.php\/acerca-de\/\",\"url\":\"https:\/\/subway-shop.com\/nuevodisco\/index.php\/acerca-de\/\",\"name\":\"Acerca de - KIKO G SIN A.K.A\",\"isPartOf\":{\"@id\":\"https:\/\/subway-shop.com\/nuevodisco\/#website\"},\"primaryImageOfPage\":{\"@id\":\"https:\/\/subway-shop.com\/nuevodisco\/index.php\/acerca-de\/#primaryimage\"},\"image\":{\"@id\":\"https:\/\/subway-shop.com\/nuevodisco\/index.php\/acerca-de\/#primaryimage\"},\"thumbnailUrl\":\"http:\/\/subway-shop.com\/nuevodisco\/wp-content\/uploads\/2021\/02\/foto_kiko.jpg\",\"datePublished\":\"2021-02-03T13:58:52+00:00\",\"dateModified\":\"2021-02-11T15:26:35+00:00\",\"breadcrumb\":{\"@id\":\"https:\/\/subway-shop.com\/nuevodisco\/index.php\/acerca-de\/#breadcrumb\"},\"inLanguage\":\"es\",\"potentialAction\":[{\"@type\":\"ReadAction\",\"target\":[\"https:\/\/subway-shop.com\/nuevodisco\/index.php\/acerca-de\/\"]}]},{\"@type\":\"ImageObject\",\"inLanguage\":\"es\",\"@id\":\"https:\/\/subway-shop.com\/nuevodisco\/index.php\/acerca-de\/#primaryimage\",\"url\":\"http:\/\/subway-shop.com\/nuevodisco\/wp-content\/uploads\/2021\/02\/foto_kiko.jpg\",\"contentUrl\":\"http:\/\/subway-shop.com\/nuevodisco\/wp-content\/uploads\/2021\/02\/foto_kiko.jpg\"},{\"@type\":\"BreadcrumbList\",\"@id\":\"https:\/\/subway-shop.com\/nuevodisco\/index.php\/acerca-de\/#breadcrumb\",\"itemListElement\":[{\"@type\":\"ListItem\",\"position\":1,\"name\":\"Portada\",\"item\":\"https:\/\/subway-shop.com\/nuevodisco\/\"},{\"@type\":\"ListItem\",\"position\":2,\"name\":\"Acerca de\"}]},{\"@type\":\"WebSite\",\"@id\":\"https:\/\/subway-shop.com\/nuevodisco\/#website\",\"url\":\"https:\/\/subway-shop.com\/nuevodisco\/\",\"name\":\"KIKO G SIN A.K.A\",\"description\":\"NUEVO EP N\u00c9MESIS\",\"potentialAction\":[{\"@type\":\"SearchAction\",\"target\":{\"@type\":\"EntryPoint\",\"urlTemplate\":\"https:\/\/subway-shop.com\/nuevodisco\/?s={search_term_string}\"},\"query-input\":\"required name=search_term_string\"}],\"inLanguage\":\"es\"}]}<\/script>\n<!-- \/ Yoast SEO plugin. -->","yoast_head_json":{"title":"Acerca de - KIKO G SIN A.K.A","robots":{"index":"index","follow":"follow","max-snippet":"max-snippet:-1","max-image-preview":"max-image-preview:large","max-video-preview":"max-video-preview:-1"},"canonical":"https:\/\/subway-shop.com\/nuevodisco\/index.php\/acerca-de\/","og_locale":"es_ES","og_type":"article","og_title":"Acerca de - KIKO G SIN A.K.A","og_description":"Kiko G sin a.k.a es un creador multidisciplinar que se desenvuelve bien realizando trabajos transversales que requieren de diferentes capacidades. Kiko G sin a.k.a compone y produce su m\u00fasica, letrasSeguir leyendoAcerca de","og_url":"https:\/\/subway-shop.com\/nuevodisco\/index.php\/acerca-de\/","og_site_name":"KIKO G SIN A.K.A","article_modified_time":"2021-02-11T15:26:35+00:00","og_image":[{"url":"http:\/\/subway-shop.com\/nuevodisco\/wp-content\/uploads\/2021\/02\/foto_kiko.jpg"}],"twitter_card":"summary_large_image","twitter_misc":{"Tiempo de lectura":"1 minuto"},"schema":{"@context":"https:\/\/schema.org","@graph":[{"@type":"WebPage","@id":"https:\/\/subway-shop.com\/nuevodisco\/index.php\/acerca-de\/","url":"https:\/\/subway-shop.com\/nuevodisco\/index.php\/acerca-de\/","name":"Acerca de - KIKO G SIN A.K.A","isPartOf":{"@id":"https:\/\/subway-shop.com\/nuevodisco\/#website"},"primaryImageOfPage":{"@id":"https:\/\/subway-shop.com\/nuevodisco\/index.php\/acerca-de\/#primaryimage"},"image":{"@id":"https:\/\/subway-shop.com\/nuevodisco\/index.php\/acerca-de\/#primaryimage"},"thumbnailUrl":"http:\/\/subway-shop.com\/nuevodisco\/wp-content\/uploads\/2021\/02\/foto_kiko.jpg","datePublished":"2021-02-03T13:58:52+00:00","dateModified":"2021-02-11T15:26:35+00:00","breadcrumb":{"@id":"https:\/\/subway-shop.com\/nuevodisco\/index.php\/acerca-de\/#breadcrumb"},"inLanguage":"es","potentialAction":[{"@type":"ReadAction","target":["https:\/\/subway-shop.com\/nuevodisco\/index.php\/acerca-de\/"]}]},{"@type":"ImageObject","inLanguage":"es","@id":"https:\/\/subway-shop.com\/nuevodisco\/index.php\/acerca-de\/#primaryimage","url":"http:\/\/subway-shop.com\/nuevodisco\/wp-content\/uploads\/2021\/02\/foto_kiko.jpg","contentUrl":"http:\/\/subway-shop.com\/nuevodisco\/wp-content\/uploads\/2021\/02\/foto_kiko.jpg"},{"@type":"BreadcrumbList","@id":"https:\/\/subway-shop.com\/nuevodisco\/index.php\/acerca-de\/#breadcrumb","itemListElement":[{"@type":"ListItem","position":1,"name":"Portada","item":"https:\/\/subway-shop.com\/nuevodisco\/"},{"@type":"ListItem","position":2,"name":"Acerca de"}]},{"@type":"WebSite","@id":"https:\/\/subway-shop.com\/nuevodisco\/#website","url":"https:\/\/subway-shop.com\/nuevodisco\/","name":"KIKO G SIN A.K.A","description":"NUEVO EP N\u00c9MESIS","potentialAction":[{"@type":"SearchAction","target":{"@type":"EntryPoint","urlTemplate":"https:\/\/subway-shop.com\/nuevodisco\/?s={search_term_string}"},"query-input":"required name=search_term_string"}],"inLanguage":"es"}]}},"_links":{"self":[{"href":"https:\/\/subway-shop.com\/nuevodisco\/index.php\/wp-json\/wp\/v2\/pages\/7"}],"collection":[{"href":"https:\/\/subway-shop.com\/nuevodisco\/index.php\/wp-json\/wp\/v2\/pages"}],"about":[{"href":"https:\/\/subway-shop.com\/nuevodisco\/index.php\/wp-json\/wp\/v2\/types\/page"}],"author":[{"embeddable":true,"href":"https:\/\/subway-shop.com\/nuevodisco\/index.php\/wp-json\/wp\/v2\/users\/1"}],"replies":[{"embeddable":true,"href":"https:\/\/subway-shop.com\/nuevodisco\/index.php\/wp-json\/wp\/v2\/comments?post=7"}],"version-history":[{"count":10,"href":"https:\/\/subway-shop.com\/nuevodisco\/index.php\/wp-json\/wp\/v2\/pages\/7\/revisions"}],"predecessor-version":[{"id":120,"href":"https:\/\/subway-shop.com\/nuevodisco\/index.php\/wp-json\/wp\/v2\/pages\/7\/revisions\/120"}],"wp:attachment":[{"href":"https:\/\/subway-shop.com\/nuevodisco\/index.php\/wp-json\/wp\/v2\/media?parent=7"}],"curies":[{"name":"wp","href":"https:\/\/api.w.org\/{rel}","templated":true}]}}