{"id":11,"date":"2021-04-16T16:24:11","date_gmt":"2021-04-16T16:24:11","guid":{"rendered":"http:\/\/subway-shop.com\/tiang\/?page_id=11"},"modified":"2023-10-10T11:30:35","modified_gmt":"2023-10-10T11:30:35","slug":"terminos","status":"publish","type":"page","link":"https:\/\/subway-shop.com\/tiang\/index.php\/terminos\/","title":{"rendered":"T\u00e9rminos"},"content":{"rendered":"<h2>T\u00e9rminos y condiciones<\/h2>\n<p>Bienvenido a TIANG. Al acceder y utilizar nuestro sitio web, aceptas los siguientes t\u00e9rminos y condiciones (en adelante, \u00abt\u00e9rminos\u00bb). Lea atentamente estos t\u00e9rminos antes de utilizar el sitio. Si no est\u00e1 de acuerdo con estos t\u00e9rminos, no utilice el sitio.<\/p>\n<h4>Contenido del sitio<\/h4>\n<p>Todos los materiales, incluyendo texto, gr\u00e1ficos, im\u00e1genes y software, contenidos en el sitio son propiedad de TIANG o se utilizan con permiso. Estos materiales est\u00e1n protegidos por derechos de autor y marcas comerciales. No puedes utilizar estos materiales para ning\u00fan fin comercial sin el permiso previo por escrito de TIANG.<\/p>\n<h4>Uso del sitio<\/h4>\n<p>El sitio se proporciona solo para tu uso personal y no comercial. No puedes modificar, copiar, distribuir, transmitir, mostrar, ejecutar, reproducir, publicar, licenciar, crear trabajos derivados de, transferir ni vender ning\u00fan material o informaci\u00f3n obtenida del sitio.<\/p>\n<h4>Derechos de autor y marcas comerciales<\/h4>\n<p>Todos los contenidos del sitio son propiedad de TIANG o se utilizan con permiso y est\u00e1n protegidos por derechos de autor y marcas comerciales. TIANG y sus marcas comerciales son marcas registradas de Francisco Garc\u00eda Colacios<span style=\"font-size: inherit;\">. Las marcas comerciales de terceros utilizadas en el sitio pertenecen a sus respectivos propietarios. No puedes utilizar ninguna marca comercial o logotipo de TIANG sin el permiso previo por escrito. En TIANG utilizamos recursos gratuitos procedentes de <a href=\"https:\/\/www.freepik.es\/\" target=\"_blank\" rel=\"noopener\">freepik.es<\/a> para complementar alguno de nuestros dise\u00f1os de ropa y complementos.<\/span><\/p>\n<p><strong>Origen de Recursos Vectoriales<\/strong><\/p>\n<p>En TIANG, nos esforzamos por ofrecer a nuestros visitantes una experiencia visual atractiva y de alta calidad. Para lograrlo, en algunos casos utilizamos recursos vectoriales que provienen de fuentes confiables y de calidad, uno de los cuales es Freepik.<\/p>\n<p><strong>\u00bfQu\u00e9 es Freepik?<\/strong><\/p>\n<p>Freepik es una plataforma l\u00edder en la provisi\u00f3n de recursos gr\u00e1ficos de alta calidad, que incluyen vectores, iconos, ilustraciones y mucho m\u00e1s. Su extensa biblioteca de elementos visuales ha sido creada por talentosos dise\u00f1adores de todo el mundo, y se destaca por su versatilidad y estilo \u00fanico. En algunas ocasiones utilizamos parte de esos recursos para crear nuestros propios dise\u00f1os. Estos recursos nos permiten ofrecer una mayor variedad de elementos visuales atractivos y de alta calidad para nuestros visitantes.<\/p>\n<p><strong>Reconocimiento a Freepik<\/strong><\/p>\n<p>Es importante destacar que, en cumplimiento con los t\u00e9rminos de uso de Freepik, atribuimos apropiadamente la fuente de estos recursos en nuestro sitio web. Esto significa que, cuando utilicemos recursos de Freepik, o parte de ellos incluiremos una menci\u00f3n de cr\u00e9dito que identifica a Freepik como la fuente original del recurso.<\/p>\n<p><strong>Transparencia y Calidad<\/strong><\/p>\n<p>En TIANG, valoramos la transparencia y la calidad en todo lo que ofrecemos a nuestros usuarios. El uso de recursos que ofrece libremente Freepik es un testimonio de nuestro compromiso con proporcionar contenido visual de primer nivel y mantener altos est\u00e1ndares en todos nuestros recursos.<\/p>\n<h4>Enlaces a sitios web de terceros<\/h4>\n<p>El sitio puede contener enlaces a sitios web de terceros para tu comodidad. TIANG no controla ni es responsable de los sitios web de terceros o del contenido de los mismos. Al acceder a estos sitios web, lo haces bajo tu propio riesgo y debes leer la pol\u00edtica de privacidad y los t\u00e9rminos de uso de esos sitios web.<\/p>\n<h4>Exclusi\u00f3n de garant\u00edas<\/h4>\n<p>TIANG no garantiza la exactitud, la actualidad ni que los datos est\u00e9n completos de la informaci\u00f3n proporcionada en el sitio. TIANG se reserva el derecho de hacer cambios en cualquier momento sin previo aviso. TIANG no se hace responsable de ning\u00fan error u omisi\u00f3n en el contenido del sitio.<\/p>\n<h4>Limitaci\u00f3n de responsabilidad<\/h4>\n<p>TIANG no ser\u00e1 responsable de ning\u00fan da\u00f1o directo, indirecto, incidental, consecuente, especial ni de ning\u00fan otro da\u00f1o que resulte del uso o la imposibilidad de usar el sitio.<\/p>\n<h4>Modificaci\u00f3n de los t\u00e9rminos<\/h4>\n<p>TIANG se reserva el derecho de modificar estos t\u00e9rminos en cualquier momento sin previo aviso. Al utilizar el sitio, aceptas estar sujeto a los t\u00e9rminos en vigor en ese momento. Es tu responsabilidad revisar estos t\u00e9rminos peri\u00f3dicamente.<\/p>\n<h4>Ley aplicable y jurisdicci\u00f3n<\/h4>\n<p>Estos t\u00e9rminos y el uso del sitio se regir\u00e1n e interpretar\u00e1n de acuerdo con las leyes del Estado de Espa\u00f1a y, en lo que respecta a los conflictos de leyes, se excluye la Convenci\u00f3n de las Naciones Unidas sobre los contratos de compraventa internacional de mercader\u00edas. Cualquier disputa que surja del uso del sitio o de estos t\u00e9rminos ser\u00e1 resuelta mediante un arbitraje vinculante en la ciudad de Terrassa, provincia de Barcelona, Espa\u00f1a de acuerdo con las reglas de arbitraje de los juzgados Espa\u00f1oles.<\/p>\n<h4>Indemnizaci\u00f3n<\/h4>\n<p>Aceptas indemnizar y eximir de responsabilidad a TIANG y a sus afiliadas, directores, funcionarios y empleados de cualquier demanda, responsabilidad, da\u00f1os y gastos (incluyendo honorarios de abogados) que surjan de tu uso del sitio o de la violaci\u00f3n de estos t\u00e9rminos.<\/p>\n<h4>Divisibilidad<\/h4>\n<p>Si alguna parte de estos t\u00e9rminos es ilegal, nula o inaplicable, esa parte se considerar\u00e1 independiente de estos t\u00e9rminos y no afectar\u00e1 la validez y aplicabilidad de las dem\u00e1s partes.<\/p>\n<h4>T\u00edtulos<\/h4>\n<p>Los t\u00edtulos utilizados en estos t\u00e9rminos son solo para fines de referencia y no limitan ni afectan a estos t\u00e9rminos.<\/p>\n<p>Estos t\u00e9rminos, junto con nuestra pol\u00edtica de privacidad y cualquier otro aviso legal publicado en el sitio, constituyen el acuerdo completo entre TIANG y t\u00fa con respecto al uso del sitio.<\/p>\n","protected":false},"excerpt":{"rendered":"<p>T\u00e9rminos y condiciones Bienvenido a TIANG. Al acceder y utilizar nuestro sitio web, aceptas los siguientes t\u00e9rminos y condiciones (en adelante, \u00abt\u00e9rminos\u00bb). Lea atentamente estos t\u00e9rminos antes de utilizar el sitio. Si no est\u00e1 de acuerdo con estos t\u00e9rminos, no utilice el sitio. Contenido del sitio Todos los materiales, incluyendo texto, gr\u00e1ficos, im\u00e1genes y software,&#46;&#46;&#46;<\/p>\n","protected":false},"author":1,"featured_media":0,"parent":0,"menu_order":0,"comment_status":"closed","ping_status":"closed","template":"","meta":{"footnotes":""},"yoast_head":"<!-- This site is optimized with the Yoast SEO plugin v21.5 - https:\/\/yoast.com\/wordpress\/plugins\/seo\/ -->\n<title>T\u00e9rminos<\/title>\n<meta name=\"robots\" content=\"index, follow, max-snippet:-1, max-image-preview:large, max-video-preview:-1\" \/>\n<link rel=\"canonical\" href=\"https:\/\/subway-shop.com\/tiang\/index.php\/terminos\/\" \/>\n<meta property=\"og:locale\" content=\"es_ES\" \/>\n<meta property=\"og:type\" content=\"article\" \/>\n<meta property=\"og:title\" content=\"T\u00e9rminos\" \/>\n<meta property=\"og:description\" content=\"T\u00e9rminos y condiciones Bienvenido a TIANG. Al acceder y utilizar nuestro sitio web, aceptas los siguientes t\u00e9rminos y condiciones (en adelante, \u00abt\u00e9rminos\u00bb). Lea atentamente estos t\u00e9rminos antes de utilizar el sitio. Si no est\u00e1 de acuerdo con estos t\u00e9rminos, no utilice el sitio. Contenido del sitio Todos los materiales, incluyendo texto, gr\u00e1ficos, im\u00e1genes y software,&#046;&#046;&#046;\" \/>\n<meta property=\"og:url\" content=\"https:\/\/subway-shop.com\/tiang\/index.php\/terminos\/\" \/>\n<meta property=\"og:site_name\" content=\"TIANG\" \/>\n<meta property=\"article:modified_time\" content=\"2023-10-10T11:30:35+00:00\" \/>\n<meta property=\"og:image\" content=\"https:\/\/subway-shop.com\/tiang\/wp-content\/uploads\/2021\/05\/cropped-icono_tiang_ecommerce.png\" \/>\n\t<meta property=\"og:image:width\" content=\"512\" \/>\n\t<meta property=\"og:image:height\" content=\"512\" \/>\n\t<meta property=\"og:image:type\" content=\"image\/png\" \/>\n<meta name=\"twitter:card\" content=\"summary_large_image\" \/>\n<meta name=\"twitter:label1\" content=\"Tiempo de lectura\" \/>\n\t<meta name=\"twitter:data1\" content=\"5 minutos\" \/>\n<script type=\"application\/ld+json\" class=\"yoast-schema-graph\">{\"@context\":\"https:\/\/schema.org\",\"@graph\":[{\"@type\":\"AdvertiserContentArticle\",\"@id\":\"https:\/\/subway-shop.com\/tiang\/index.php\/terminos\/#article\",\"isPartOf\":{\"@id\":\"https:\/\/subway-shop.com\/tiang\/index.php\/terminos\/\"},\"author\":{\"name\":\"admin\",\"@id\":\"https:\/\/subway-shop.com\/tiang\/#\/schema\/person\/113e0cb3f81a30aecf8286ccf2db77e2\"},\"headline\":\"T\u00e9rminos\",\"datePublished\":\"2021-04-16T16:24:11+00:00\",\"dateModified\":\"2023-10-10T11:30:35+00:00\",\"mainEntityOfPage\":{\"@id\":\"https:\/\/subway-shop.com\/tiang\/index.php\/terminos\/\"},\"wordCount\":924,\"publisher\":{\"@id\":\"https:\/\/subway-shop.com\/tiang\/#organization\"},\"inLanguage\":\"es\"},{\"@type\":\"WebPage\",\"@id\":\"https:\/\/subway-shop.com\/tiang\/index.php\/terminos\/\",\"url\":\"https:\/\/subway-shop.com\/tiang\/index.php\/terminos\/\",\"name\":\"T\u00e9rminos\",\"isPartOf\":{\"@id\":\"https:\/\/subway-shop.com\/tiang\/#website\"},\"datePublished\":\"2021-04-16T16:24:11+00:00\",\"dateModified\":\"2023-10-10T11:30:35+00:00\",\"breadcrumb\":{\"@id\":\"https:\/\/subway-shop.com\/tiang\/index.php\/terminos\/#breadcrumb\"},\"inLanguage\":\"es\",\"potentialAction\":[{\"@type\":\"ReadAction\",\"target\":[\"https:\/\/subway-shop.com\/tiang\/index.php\/terminos\/\"]}]},{\"@type\":\"BreadcrumbList\",\"@id\":\"https:\/\/subway-shop.com\/tiang\/index.php\/terminos\/#breadcrumb\",\"itemListElement\":[{\"@type\":\"ListItem\",\"position\":1,\"name\":\"Portada\",\"item\":\"https:\/\/subway-shop.com\/tiang\/\"},{\"@type\":\"ListItem\",\"position\":2,\"name\":\"T\u00e9rminos\"}]},{\"@type\":\"WebSite\",\"@id\":\"https:\/\/subway-shop.com\/tiang\/#website\",\"url\":\"https:\/\/subway-shop.com\/tiang\/\",\"name\":\"TIANG\",\"description\":\"Inspirada en el pasado fresca c\u00f3mo nunca\",\"publisher\":{\"@id\":\"https:\/\/subway-shop.com\/tiang\/#organization\"},\"alternateName\":\"TIANG SNEAKERS & SPORTSWEARS\",\"potentialAction\":[{\"@type\":\"SearchAction\",\"target\":{\"@type\":\"EntryPoint\",\"urlTemplate\":\"https:\/\/subway-shop.com\/tiang\/?s={search_term_string}\"},\"query-input\":\"required name=search_term_string\"}],\"inLanguage\":\"es\"},{\"@type\":\"Organization\",\"@id\":\"https:\/\/subway-shop.com\/tiang\/#organization\",\"name\":\"TIANG\",\"alternateName\":\"TIANG\",\"url\":\"https:\/\/subway-shop.com\/tiang\/\",\"logo\":{\"@type\":\"ImageObject\",\"inLanguage\":\"es\",\"@id\":\"https:\/\/subway-shop.com\/tiang\/#\/schema\/logo\/image\/\",\"url\":\"https:\/\/subway-shop.com\/tiang\/wp-content\/uploads\/2021\/05\/cropped-imagotipo_tiang_definitivo1_recortado_170x120px.png\",\"contentUrl\":\"https:\/\/subway-shop.com\/tiang\/wp-content\/uploads\/2021\/05\/cropped-imagotipo_tiang_definitivo1_recortado_170x120px.png\",\"width\":170,\"height\":116,\"caption\":\"TIANG\"},\"image\":{\"@id\":\"https:\/\/subway-shop.com\/tiang\/#\/schema\/logo\/image\/\"},\"sameAs\":[\"https:\/\/www.instagram.com\/tiang_sneakers\",\"https:\/\/www.youtube.com\/channel\/UC2YV9SNHBQRys3F2s4r5A7A\"]},{\"@type\":\"Person\",\"@id\":\"https:\/\/subway-shop.com\/tiang\/#\/schema\/person\/113e0cb3f81a30aecf8286ccf2db77e2\",\"name\":\"admin\",\"image\":{\"@type\":\"ImageObject\",\"inLanguage\":\"es\",\"@id\":\"https:\/\/subway-shop.com\/tiang\/#\/schema\/person\/image\/\",\"url\":\"https:\/\/secure.gravatar.com\/avatar\/187f0467d44c893d8eb2e70d7d028dcc?s=96&d=mm&r=g\",\"contentUrl\":\"https:\/\/secure.gravatar.com\/avatar\/187f0467d44c893d8eb2e70d7d028dcc?s=96&d=mm&r=g\",\"caption\":\"admin\"},\"sameAs\":[\"http:\/\/subway-shop.com\/tiang\"]}]}<\/script>\n<!-- \/ Yoast SEO plugin. -->","yoast_head_json":{"title":"T\u00e9rminos","robots":{"index":"index","follow":"follow","max-snippet":"max-snippet:-1","max-image-preview":"max-image-preview:large","max-video-preview":"max-video-preview:-1"},"canonical":"https:\/\/subway-shop.com\/tiang\/index.php\/terminos\/","og_locale":"es_ES","og_type":"article","og_title":"T\u00e9rminos","og_description":"T\u00e9rminos y condiciones Bienvenido a TIANG. Al acceder y utilizar nuestro sitio web, aceptas los siguientes t\u00e9rminos y condiciones (en adelante, \u00abt\u00e9rminos\u00bb). Lea atentamente estos t\u00e9rminos antes de utilizar el sitio. Si no est\u00e1 de acuerdo con estos t\u00e9rminos, no utilice el sitio. Contenido del sitio Todos los materiales, incluyendo texto, gr\u00e1ficos, im\u00e1genes y software,&#46;&#46;&#46;","og_url":"https:\/\/subway-shop.com\/tiang\/index.php\/terminos\/","og_site_name":"TIANG","article_modified_time":"2023-10-10T11:30:35+00:00","og_image":[{"width":512,"height":512,"url":"https:\/\/subway-shop.com\/tiang\/wp-content\/uploads\/2021\/05\/cropped-icono_tiang_ecommerce.png","type":"image\/png"}],"twitter_card":"summary_large_image","twitter_misc":{"Tiempo de lectura":"5 minutos"},"schema":{"@context":"https:\/\/schema.org","@graph":[{"@type":"AdvertiserContentArticle","@id":"https:\/\/subway-shop.com\/tiang\/index.php\/terminos\/#article","isPartOf":{"@id":"https:\/\/subway-shop.com\/tiang\/index.php\/terminos\/"},"author":{"name":"admin","@id":"https:\/\/subway-shop.com\/tiang\/#\/schema\/person\/113e0cb3f81a30aecf8286ccf2db77e2"},"headline":"T\u00e9rminos","datePublished":"2021-04-16T16:24:11+00:00","dateModified":"2023-10-10T11:30:35+00:00","mainEntityOfPage":{"@id":"https:\/\/subway-shop.com\/tiang\/index.php\/terminos\/"},"wordCount":924,"publisher":{"@id":"https:\/\/subway-shop.com\/tiang\/#organization"},"inLanguage":"es"},{"@type":"WebPage","@id":"https:\/\/subway-shop.com\/tiang\/index.php\/terminos\/","url":"https:\/\/subway-shop.com\/tiang\/index.php\/terminos\/","name":"T\u00e9rminos","isPartOf":{"@id":"https:\/\/subway-shop.com\/tiang\/#website"},"datePublished":"2021-04-16T16:24:11+00:00","dateModified":"2023-10-10T11:30:35+00:00","breadcrumb":{"@id":"https:\/\/subway-shop.com\/tiang\/index.php\/terminos\/#breadcrumb"},"inLanguage":"es","potentialAction":[{"@type":"ReadAction","target":["https:\/\/subway-shop.com\/tiang\/index.php\/terminos\/"]}]},{"@type":"BreadcrumbList","@id":"https:\/\/subway-shop.com\/tiang\/index.php\/terminos\/#breadcrumb","itemListElement":[{"@type":"ListItem","position":1,"name":"Portada","item":"https:\/\/subway-shop.com\/tiang\/"},{"@type":"ListItem","position":2,"name":"T\u00e9rminos"}]},{"@type":"WebSite","@id":"https:\/\/subway-shop.com\/tiang\/#website","url":"https:\/\/subway-shop.com\/tiang\/","name":"TIANG","description":"Inspirada en el pasado fresca c\u00f3mo nunca","publisher":{"@id":"https:\/\/subway-shop.com\/tiang\/#organization"},"alternateName":"TIANG SNEAKERS & SPORTSWEARS","potentialAction":[{"@type":"SearchAction","target":{"@type":"EntryPoint","urlTemplate":"https:\/\/subway-shop.com\/tiang\/?s={search_term_string}"},"query-input":"required name=search_term_string"}],"inLanguage":"es"},{"@type":"Organization","@id":"https:\/\/subway-shop.com\/tiang\/#organization","name":"TIANG","alternateName":"TIANG","url":"https:\/\/subway-shop.com\/tiang\/","logo":{"@type":"ImageObject","inLanguage":"es","@id":"https:\/\/subway-shop.com\/tiang\/#\/schema\/logo\/image\/","url":"https:\/\/subway-shop.com\/tiang\/wp-content\/uploads\/2021\/05\/cropped-imagotipo_tiang_definitivo1_recortado_170x120px.png","contentUrl":"https:\/\/subway-shop.com\/tiang\/wp-content\/uploads\/2021\/05\/cropped-imagotipo_tiang_definitivo1_recortado_170x120px.png","width":170,"height":116,"caption":"TIANG"},"image":{"@id":"https:\/\/subway-shop.com\/tiang\/#\/schema\/logo\/image\/"},"sameAs":["https:\/\/www.instagram.com\/tiang_sneakers","https:\/\/www.youtube.com\/channel\/UC2YV9SNHBQRys3F2s4r5A7A"]},{"@type":"Person","@id":"https:\/\/subway-shop.com\/tiang\/#\/schema\/person\/113e0cb3f81a30aecf8286ccf2db77e2","name":"admin","image":{"@type":"ImageObject","inLanguage":"es","@id":"https:\/\/subway-shop.com\/tiang\/#\/schema\/person\/image\/","url":"https:\/\/secure.gravatar.com\/avatar\/187f0467d44c893d8eb2e70d7d028dcc?s=96&d=mm&r=g","contentUrl":"https:\/\/secure.gravatar.com\/avatar\/187f0467d44c893d8eb2e70d7d028dcc?s=96&d=mm&r=g","caption":"admin"},"sameAs":["http:\/\/subway-shop.com\/tiang"]}]}},"_links":{"self":[{"href":"https:\/\/subway-shop.com\/tiang\/index.php\/wp-json\/wp\/v2\/pages\/11"}],"collection":[{"href":"https:\/\/subway-shop.com\/tiang\/index.php\/wp-json\/wp\/v2\/pages"}],"about":[{"href":"https:\/\/subway-shop.com\/tiang\/index.php\/wp-json\/wp\/v2\/types\/page"}],"author":[{"embeddable":true,"href":"https:\/\/subway-shop.com\/tiang\/index.php\/wp-json\/wp\/v2\/users\/1"}],"replies":[{"embeddable":true,"href":"https:\/\/subway-shop.com\/tiang\/index.php\/wp-json\/wp\/v2\/comments?post=11"}],"version-history":[{"count":8,"href":"https:\/\/subway-shop.com\/tiang\/index.php\/wp-json\/wp\/v2\/pages\/11\/revisions"}],"predecessor-version":[{"id":757,"href":"https:\/\/subway-shop.com\/tiang\/index.php\/wp-json\/wp\/v2\/pages\/11\/revisions\/757"}],"wp:attachment":[{"href":"https:\/\/subway-shop.com\/tiang\/index.php\/wp-json\/wp\/v2\/media?parent=11"}],"curies":[{"name":"wp","href":"https:\/\/api.w.org\/{rel}","templated":true}]}}