{"id":7,"date":"2021-04-16T16:24:11","date_gmt":"2021-04-16T16:24:11","guid":{"rendered":"http:\/\/subway-shop.com\/tiang\/?page_id=7"},"modified":"2024-04-19T16:47:32","modified_gmt":"2024-04-19T16:47:32","slug":"contacto","status":"publish","type":"page","link":"https:\/\/subway-shop.com\/tiang\/index.php\/contacto\/","title":{"rendered":"Hazte distribuidor"},"content":{"rendered":"\n<p><strong>\u00bfQuieres vender nuestras TIANG en tu tienda f\u00edsica u online y convertirte en Tienda autorizada TIANG?<\/strong><\/p>\n\n\n<div class=\"wp-block-image is-resized\">\n<figure class=\"aligncenter size-large\"><img decoding=\"async\" loading=\"lazy\" width=\"1024\" height=\"725\" src=\"https:\/\/subway-shop.com\/tiang\/wp-content\/uploads\/2023\/10\/AUTORIZED_DEALER-1024x725.png\" alt=\"\" class=\"wp-image-760\" style=\"aspect-ratio:1.4124137931034482;width:408px;height:auto\" srcset=\"https:\/\/subway-shop.com\/tiang\/wp-content\/uploads\/2023\/10\/AUTORIZED_DEALER-1024x725.png 1024w, https:\/\/subway-shop.com\/tiang\/wp-content\/uploads\/2023\/10\/AUTORIZED_DEALER-300x212.png 300w, https:\/\/subway-shop.com\/tiang\/wp-content\/uploads\/2023\/10\/AUTORIZED_DEALER-768x543.png 768w, https:\/\/subway-shop.com\/tiang\/wp-content\/uploads\/2023\/10\/AUTORIZED_DEALER-1536x1087.png 1536w, https:\/\/subway-shop.com\/tiang\/wp-content\/uploads\/2023\/10\/AUTORIZED_DEALER-2048x1449.png 2048w, https:\/\/subway-shop.com\/tiang\/wp-content\/uploads\/2023\/10\/AUTORIZED_DEALER-520x368.png 520w, https:\/\/subway-shop.com\/tiang\/wp-content\/uploads\/2023\/10\/AUTORIZED_DEALER-940x665.png 940w\" sizes=\"(max-width: 1024px) 100vw, 1024px\" \/><\/figure><\/div>\n\n\n<p>Si est\u00e1s interesado en vender nuestros productos \u00fanicos y de alta calidad en tu negocio&#8230;<\/p>\n\n\n\n<p><strong>\u00a1Nos encantar\u00eda hablar contigo!<\/strong><\/p>\n\n\n\n<p>Nuestra marca se centra en ofrecer zapatillas hechas en Espa\u00f1a con materiales sostenibles y de alta calidad. Pero adem\u00e1s colaboramos con empresas externas para fabricar nuestra l\u00ednea de ropa, accesorios y complementos para poder llegar a todo el mundo. Creemos que nuestros productos destacar\u00edan en cualquier tienda y atraer\u00edan a un p\u00fablico comprometido con la sostenibilidad y el estilo de vida saludable.<\/p>\n\n\n\n<p>Si est\u00e1s interesado en obtener m\u00e1s informaci\u00f3n sobre c\u00f3mo puedes comenzar a vender nuestros productos en tu tienda, por favor env\u00eda un correo electr\u00f3nico a <a href=\"mailto:distribution@tiang.es\">distribution@tiang.es<\/a> y estaremos encantados de proporcionarte m\u00e1s detalles.<\/p>\n\n\n\n<p><strong>\u00a1Esperamos tener la oportunidad de trabajar contigo!<\/strong><\/p>\n","protected":false},"excerpt":{"rendered":"<p>\u00bfQuieres vender nuestras TIANG en tu tienda f\u00edsica u online y convertirte en Tienda autorizada TIANG? Si est\u00e1s interesado en vender nuestros productos \u00fanicos y de alta calidad en tu negocio&#8230; \u00a1Nos encantar\u00eda hablar contigo! Nuestra marca se centra en ofrecer zapatillas hechas en Espa\u00f1a con materiales sostenibles y de alta calidad. Pero adem\u00e1s colaboramos&#46;&#46;&#46;<\/p>\n","protected":false},"author":1,"featured_media":0,"parent":0,"menu_order":0,"comment_status":"closed","ping_status":"closed","template":"","meta":{"footnotes":""},"yoast_head":"<!-- This site is optimized with the Yoast SEO plugin v21.5 - https:\/\/yoast.com\/wordpress\/plugins\/seo\/ -->\n<title>Hazte distribuidor<\/title>\n<meta name=\"robots\" content=\"index, follow, max-snippet:-1, max-image-preview:large, max-video-preview:-1\" \/>\n<link rel=\"canonical\" href=\"https:\/\/subway-shop.com\/tiang\/index.php\/contacto\/\" \/>\n<meta property=\"og:locale\" content=\"es_ES\" \/>\n<meta property=\"og:type\" content=\"article\" \/>\n<meta property=\"og:title\" content=\"Hazte distribuidor\" \/>\n<meta property=\"og:description\" content=\"\u00bfQuieres vender nuestras TIANG en tu tienda f\u00edsica u online y convertirte en Tienda autorizada TIANG? Si est\u00e1s interesado en vender nuestros productos \u00fanicos y de alta calidad en tu negocio&#8230; \u00a1Nos encantar\u00eda hablar contigo! Nuestra marca se centra en ofrecer zapatillas hechas en Espa\u00f1a con materiales sostenibles y de alta calidad. Pero adem\u00e1s colaboramos&#046;&#046;&#046;\" \/>\n<meta property=\"og:url\" content=\"https:\/\/subway-shop.com\/tiang\/index.php\/contacto\/\" \/>\n<meta property=\"og:site_name\" content=\"TIANG\" \/>\n<meta property=\"article:modified_time\" content=\"2024-04-19T16:47:32+00:00\" \/>\n<meta property=\"og:image\" content=\"https:\/\/subway-shop.com\/tiang\/wp-content\/uploads\/2023\/10\/AUTORIZED_DEALER-1024x725.png\" \/>\n<meta name=\"twitter:card\" content=\"summary_large_image\" \/>\n<meta name=\"twitter:label1\" content=\"Tiempo de lectura\" \/>\n\t<meta name=\"twitter:data1\" content=\"1 minuto\" \/>\n<script type=\"application\/ld+json\" class=\"yoast-schema-graph\">{\"@context\":\"https:\/\/schema.org\",\"@graph\":[{\"@type\":\"AdvertiserContentArticle\",\"@id\":\"https:\/\/subway-shop.com\/tiang\/index.php\/contacto\/#article\",\"isPartOf\":{\"@id\":\"https:\/\/subway-shop.com\/tiang\/index.php\/contacto\/\"},\"author\":{\"name\":\"admin\",\"@id\":\"https:\/\/subway-shop.com\/tiang\/#\/schema\/person\/113e0cb3f81a30aecf8286ccf2db77e2\"},\"headline\":\"Hazte distribuidor\",\"datePublished\":\"2021-04-16T16:24:11+00:00\",\"dateModified\":\"2024-04-19T16:47:32+00:00\",\"mainEntityOfPage\":{\"@id\":\"https:\/\/subway-shop.com\/tiang\/index.php\/contacto\/\"},\"wordCount\":157,\"publisher\":{\"@id\":\"https:\/\/subway-shop.com\/tiang\/#organization\"},\"inLanguage\":\"es\"},{\"@type\":\"WebPage\",\"@id\":\"https:\/\/subway-shop.com\/tiang\/index.php\/contacto\/\",\"url\":\"https:\/\/subway-shop.com\/tiang\/index.php\/contacto\/\",\"name\":\"Hazte distribuidor\",\"isPartOf\":{\"@id\":\"https:\/\/subway-shop.com\/tiang\/#website\"},\"datePublished\":\"2021-04-16T16:24:11+00:00\",\"dateModified\":\"2024-04-19T16:47:32+00:00\",\"breadcrumb\":{\"@id\":\"https:\/\/subway-shop.com\/tiang\/index.php\/contacto\/#breadcrumb\"},\"inLanguage\":\"es\",\"potentialAction\":[{\"@type\":\"ReadAction\",\"target\":[\"https:\/\/subway-shop.com\/tiang\/index.php\/contacto\/\"]}]},{\"@type\":\"BreadcrumbList\",\"@id\":\"https:\/\/subway-shop.com\/tiang\/index.php\/contacto\/#breadcrumb\",\"itemListElement\":[{\"@type\":\"ListItem\",\"position\":1,\"name\":\"Portada\",\"item\":\"https:\/\/subway-shop.com\/tiang\/\"},{\"@type\":\"ListItem\",\"position\":2,\"name\":\"Hazte distribuidor\"}]},{\"@type\":\"WebSite\",\"@id\":\"https:\/\/subway-shop.com\/tiang\/#website\",\"url\":\"https:\/\/subway-shop.com\/tiang\/\",\"name\":\"TIANG\",\"description\":\"Inspirada en el pasado fresca c\u00f3mo nunca\",\"publisher\":{\"@id\":\"https:\/\/subway-shop.com\/tiang\/#organization\"},\"alternateName\":\"TIANG SNEAKERS & SPORTSWEARS\",\"potentialAction\":[{\"@type\":\"SearchAction\",\"target\":{\"@type\":\"EntryPoint\",\"urlTemplate\":\"https:\/\/subway-shop.com\/tiang\/?s={search_term_string}\"},\"query-input\":\"required name=search_term_string\"}],\"inLanguage\":\"es\"},{\"@type\":\"Organization\",\"@id\":\"https:\/\/subway-shop.com\/tiang\/#organization\",\"name\":\"TIANG\",\"alternateName\":\"TIANG\",\"url\":\"https:\/\/subway-shop.com\/tiang\/\",\"logo\":{\"@type\":\"ImageObject\",\"inLanguage\":\"es\",\"@id\":\"https:\/\/subway-shop.com\/tiang\/#\/schema\/logo\/image\/\",\"url\":\"https:\/\/subway-shop.com\/tiang\/wp-content\/uploads\/2021\/05\/cropped-imagotipo_tiang_definitivo1_recortado_170x120px.png\",\"contentUrl\":\"https:\/\/subway-shop.com\/tiang\/wp-content\/uploads\/2021\/05\/cropped-imagotipo_tiang_definitivo1_recortado_170x120px.png\",\"width\":170,\"height\":116,\"caption\":\"TIANG\"},\"image\":{\"@id\":\"https:\/\/subway-shop.com\/tiang\/#\/schema\/logo\/image\/\"},\"sameAs\":[\"https:\/\/www.instagram.com\/tiang_sneakers\",\"https:\/\/www.youtube.com\/channel\/UC2YV9SNHBQRys3F2s4r5A7A\"]},{\"@type\":\"Person\",\"@id\":\"https:\/\/subway-shop.com\/tiang\/#\/schema\/person\/113e0cb3f81a30aecf8286ccf2db77e2\",\"name\":\"admin\",\"image\":{\"@type\":\"ImageObject\",\"inLanguage\":\"es\",\"@id\":\"https:\/\/subway-shop.com\/tiang\/#\/schema\/person\/image\/\",\"url\":\"https:\/\/secure.gravatar.com\/avatar\/187f0467d44c893d8eb2e70d7d028dcc?s=96&d=mm&r=g\",\"contentUrl\":\"https:\/\/secure.gravatar.com\/avatar\/187f0467d44c893d8eb2e70d7d028dcc?s=96&d=mm&r=g\",\"caption\":\"admin\"},\"sameAs\":[\"http:\/\/subway-shop.com\/tiang\"]}]}<\/script>\n<!-- \/ Yoast SEO plugin. -->","yoast_head_json":{"title":"Hazte distribuidor","robots":{"index":"index","follow":"follow","max-snippet":"max-snippet:-1","max-image-preview":"max-image-preview:large","max-video-preview":"max-video-preview:-1"},"canonical":"https:\/\/subway-shop.com\/tiang\/index.php\/contacto\/","og_locale":"es_ES","og_type":"article","og_title":"Hazte distribuidor","og_description":"\u00bfQuieres vender nuestras TIANG en tu tienda f\u00edsica u online y convertirte en Tienda autorizada TIANG? Si est\u00e1s interesado en vender nuestros productos \u00fanicos y de alta calidad en tu negocio&#8230; \u00a1Nos encantar\u00eda hablar contigo! Nuestra marca se centra en ofrecer zapatillas hechas en Espa\u00f1a con materiales sostenibles y de alta calidad. Pero adem\u00e1s colaboramos&#46;&#46;&#46;","og_url":"https:\/\/subway-shop.com\/tiang\/index.php\/contacto\/","og_site_name":"TIANG","article_modified_time":"2024-04-19T16:47:32+00:00","og_image":[{"url":"https:\/\/subway-shop.com\/tiang\/wp-content\/uploads\/2023\/10\/AUTORIZED_DEALER-1024x725.png"}],"twitter_card":"summary_large_image","twitter_misc":{"Tiempo de lectura":"1 minuto"},"schema":{"@context":"https:\/\/schema.org","@graph":[{"@type":"AdvertiserContentArticle","@id":"https:\/\/subway-shop.com\/tiang\/index.php\/contacto\/#article","isPartOf":{"@id":"https:\/\/subway-shop.com\/tiang\/index.php\/contacto\/"},"author":{"name":"admin","@id":"https:\/\/subway-shop.com\/tiang\/#\/schema\/person\/113e0cb3f81a30aecf8286ccf2db77e2"},"headline":"Hazte distribuidor","datePublished":"2021-04-16T16:24:11+00:00","dateModified":"2024-04-19T16:47:32+00:00","mainEntityOfPage":{"@id":"https:\/\/subway-shop.com\/tiang\/index.php\/contacto\/"},"wordCount":157,"publisher":{"@id":"https:\/\/subway-shop.com\/tiang\/#organization"},"inLanguage":"es"},{"@type":"WebPage","@id":"https:\/\/subway-shop.com\/tiang\/index.php\/contacto\/","url":"https:\/\/subway-shop.com\/tiang\/index.php\/contacto\/","name":"Hazte distribuidor","isPartOf":{"@id":"https:\/\/subway-shop.com\/tiang\/#website"},"datePublished":"2021-04-16T16:24:11+00:00","dateModified":"2024-04-19T16:47:32+00:00","breadcrumb":{"@id":"https:\/\/subway-shop.com\/tiang\/index.php\/contacto\/#breadcrumb"},"inLanguage":"es","potentialAction":[{"@type":"ReadAction","target":["https:\/\/subway-shop.com\/tiang\/index.php\/contacto\/"]}]},{"@type":"BreadcrumbList","@id":"https:\/\/subway-shop.com\/tiang\/index.php\/contacto\/#breadcrumb","itemListElement":[{"@type":"ListItem","position":1,"name":"Portada","item":"https:\/\/subway-shop.com\/tiang\/"},{"@type":"ListItem","position":2,"name":"Hazte distribuidor"}]},{"@type":"WebSite","@id":"https:\/\/subway-shop.com\/tiang\/#website","url":"https:\/\/subway-shop.com\/tiang\/","name":"TIANG","description":"Inspirada en el pasado fresca c\u00f3mo nunca","publisher":{"@id":"https:\/\/subway-shop.com\/tiang\/#organization"},"alternateName":"TIANG SNEAKERS & SPORTSWEARS","potentialAction":[{"@type":"SearchAction","target":{"@type":"EntryPoint","urlTemplate":"https:\/\/subway-shop.com\/tiang\/?s={search_term_string}"},"query-input":"required name=search_term_string"}],"inLanguage":"es"},{"@type":"Organization","@id":"https:\/\/subway-shop.com\/tiang\/#organization","name":"TIANG","alternateName":"TIANG","url":"https:\/\/subway-shop.com\/tiang\/","logo":{"@type":"ImageObject","inLanguage":"es","@id":"https:\/\/subway-shop.com\/tiang\/#\/schema\/logo\/image\/","url":"https:\/\/subway-shop.com\/tiang\/wp-content\/uploads\/2021\/05\/cropped-imagotipo_tiang_definitivo1_recortado_170x120px.png","contentUrl":"https:\/\/subway-shop.com\/tiang\/wp-content\/uploads\/2021\/05\/cropped-imagotipo_tiang_definitivo1_recortado_170x120px.png","width":170,"height":116,"caption":"TIANG"},"image":{"@id":"https:\/\/subway-shop.com\/tiang\/#\/schema\/logo\/image\/"},"sameAs":["https:\/\/www.instagram.com\/tiang_sneakers","https:\/\/www.youtube.com\/channel\/UC2YV9SNHBQRys3F2s4r5A7A"]},{"@type":"Person","@id":"https:\/\/subway-shop.com\/tiang\/#\/schema\/person\/113e0cb3f81a30aecf8286ccf2db77e2","name":"admin","image":{"@type":"ImageObject","inLanguage":"es","@id":"https:\/\/subway-shop.com\/tiang\/#\/schema\/person\/image\/","url":"https:\/\/secure.gravatar.com\/avatar\/187f0467d44c893d8eb2e70d7d028dcc?s=96&d=mm&r=g","contentUrl":"https:\/\/secure.gravatar.com\/avatar\/187f0467d44c893d8eb2e70d7d028dcc?s=96&d=mm&r=g","caption":"admin"},"sameAs":["http:\/\/subway-shop.com\/tiang"]}]}},"_links":{"self":[{"href":"https:\/\/subway-shop.com\/tiang\/index.php\/wp-json\/wp\/v2\/pages\/7"}],"collection":[{"href":"https:\/\/subway-shop.com\/tiang\/index.php\/wp-json\/wp\/v2\/pages"}],"about":[{"href":"https:\/\/subway-shop.com\/tiang\/index.php\/wp-json\/wp\/v2\/types\/page"}],"author":[{"embeddable":true,"href":"https:\/\/subway-shop.com\/tiang\/index.php\/wp-json\/wp\/v2\/users\/1"}],"replies":[{"embeddable":true,"href":"https:\/\/subway-shop.com\/tiang\/index.php\/wp-json\/wp\/v2\/comments?post=7"}],"version-history":[{"count":14,"href":"https:\/\/subway-shop.com\/tiang\/index.php\/wp-json\/wp\/v2\/pages\/7\/revisions"}],"predecessor-version":[{"id":1111,"href":"https:\/\/subway-shop.com\/tiang\/index.php\/wp-json\/wp\/v2\/pages\/7\/revisions\/1111"}],"wp:attachment":[{"href":"https:\/\/subway-shop.com\/tiang\/index.php\/wp-json\/wp\/v2\/media?parent=7"}],"curies":[{"name":"wp","href":"https:\/\/api.w.org\/{rel}","templated":true}]}}